 divided by 4627?
4327
Calculate the remainder when 369615 is divided by 240.
15
Calculate the remainder when 3681594 is divided by 167345.
4
What is the remainder when 2454596 is divided by 818198?
2
Calculate the remainder when 739035 is divided by 5355.
45
What is the remainder when 2055444 is divided by 96?
84
What is the remainder when 13602719 is divided by 2267119?
5
What is the remainder when 930924 is divided by 1004?
216
What is the remainder when 150287 is divided by 48785?
3932
Calculate the remainder when 556826 is divided by 8837.
95
Calculate the remainder when 47396 is divided by 434.
90
What is the remainder when 20677159 is divided by 20?
19
Calculate the remainder when 46239 is divided by 5134.
33
Calculate the remainder when 12629288 is divided by 1900.
1888
Calculate the remainder when 200166 is divided by 1334.
66
What is the remainder when 49421248 is divided by 250?
248
Calculate the remainder when 12521807 is divided by 31.
8
Calculate the remainder when 1001583 is divided by 751.
500
Calculate the remainder when 34528414 is divided by 1898.
1896
What is the remainder when 153768 is divided by 76781?
206
What is the remainder when 40299854 is divided by 1291?
1289
What is the remainder when 5275411 is divided by 114?
61
Calculate the remainder when 4431862 is divided by 36.
10
What is the remainder when 10334090 is divided by 116?
114
What is the remainder when 638574 is divided by 234?
222
Calculate the remainder when 434965 is divided by 72493.
7
Calculate the remainder when 183557116 is divided by 522.
514
What is the remainder when 29261 is divided by 4698?
1073
Calculate the remainder when 231685 is divided by 455.
90
Calculate the remainder when 39894 is divided by 1502.
842
Calculate the remainder when 19473964 is divided by 904.
900
What is the remainder when 5122914 is divided by 20410?
4
What is the remainder when 11442 is divided by 5699?
44
Calculate the remainder when 2336333 is divided by 467250.
83
Calculate the remainder when 226888 is divided by 8.
0
Calculate the remainder when 86250 is divided by 21538.
98
Calculate the remainder when 40660402 is divided by 14084.
13978
Calculate the remainder when 2198771 is divided by 8.
3
What is the remainder when 9323939 is divided by 4661860?
219
Calculate the remainder when 227927 is divided by 1113.
875
Calculate the remainder when 230966312 is divided by 4513.
4511
What is the remainder when 578669 is divided by 1092?
1001
What is the remainder when 17923660 is divided by 197?
9
Calculate the remainder when 77135 is divided by 3825.
635
Calculate the remainder when 913428 is divided by 98.
68
What is the remainder when 167571 is divided by 83785?
1
Calculate the remainder when 192551 is divided by 47989.
595
What is the remainder when 95393048 is divided by 1021?
1018
What is the remainder when 26251701 is divided by 24?
21
What is the remainder when 132051881 is divided by 66025930?
21
Calculate the remainder when 9310590 is divided by 716199.
3
What is the remainder when 7018255 is divided by 5706?
5581
What is the remainder when 346180 is divided by 68356?
4400
Calculate the remainder when 9669938 is divided by 4046.
4044
What is the remainder when 1508485 is divided by 377075?
185
Calculate the remainder when 16297851 is divided by 515.
161
What is the remainder when 73195446 is divided by 175?
121
Calculate the remainder when 220580022 is divided by 1083.
1080
What is the remainder when 8846542 is divided by 22?
12
Calculate the remainder when 3258574 is divided by 3130.
244
What is the remainder when 10693 is divided by 406?
137
What is the remainder when 13496 is divided by 670?
96
What is the remainder when 302903 is divided by 139?
22
Calculate the remainder when 1199636 is divided by 9934.
7556
Calculate the remainder when 135173 is divided by 1197.
1109
Calculate the remainder when 8545666 is divided by 328.
282
What is the remainder when 4251965 is divided by 2125965?
35
What is the remainder when 76459 is divided by 75673?
786
Calculate the remainder when 506429 is divided by 26649.
98
Calculate the remainder when 804021 is divided by 17106.
39
Calculate the remainder when 28702 is divided by 62.
58
What is the remainder when 1548399 is divided by 350?
349
Calculate the remainder when 3118 is divided by 198.
148
Calculate the remainder when 4343347 is divided by 5449.
494
What is the remainder when 88486240 is divided by 18867?
10
Calculate the remainder when 50486062 is divided by 1574.
12
Calculate the remainder when 109511 is divided by 27335.
171
What is the remainder when 171278 is divided by 14158?
1382
Calculate the remainder when 12203539 is divided by 7.
5
Calculate the remainder when 20374 is divided by 4296.
3190
What is the remainder when 254752 is divided by 1115?
532
Calculate the remainder when 1652626 is divided by 35162.
12
What is the remainder when 7320124 is divided by 133093?
9
What is the remainder when 184246549 is divided by 2650?
2649
Calculate the remainder when 252009 is divided by 363.
87
Calculate the remainder when 551311 is divided by 52.
7
What is the remainder when 2836816 is divided by 295?
96
What is the remainder when 4875507 is divided by 1040?
1027
What is the remainder when 345783 is divided by 7858?
31
What is the remainder when 21627938 is divided by 4?
2
What is the remainder when 2974495 is divided by 1487163?
169
What is the remainder when 505526 is divided by 4559?
4036
What is the remainder when 65820925 is divided by 1184?
1181
Calculate the remainder when 397134 is divided by 99226.
230
Calculate the remainder when 1133579 is divided by 127.
104
What is the remainder when 30544 is divided by 383?
287
What is the remainder when 154274 is divided by 8392?
3218
What is the remainder when 1927677 is divided by 986?
47
Calculate the remainder when 2193025 is divided by 508.
497
Calculate the remainder when 270587 is divided by 270338.
249
Calculate the remainder when 1314008 is divided by 123.
122
What is the remainder when 75313 is divided by 1749?
106
What is the remainder when 794792457 is divided by 1423?
1421
Calculate the remainder when 753838 is divided by 8.
6
Calculate the remainder when 466538 is divided by 6138.
50
What is the remainder when 19387275 is divided by 370?
15
Calculate the remainder when 12309 is divided by 386.
343
What is the remainder when 54413 is divided by 315?
233
What is the remainder when 126504 is divided by 74?
38
Calculate the remainder when 2513719 is divided by 13024.
87
What is the remainder when 309830 is divided by 154911?
8
What is the remainder when 8867375 is divided by 65201?
39
What is the remainder when 167544 is divided by 8170?
4144
What is the remainder when 82886 is divided by 3764?
78
Calculate the remainder when 75226992 is divided by 1161.
1158
What is the remainder when 416939637 is divided by 1446?
1443
What is the remainder when 26133919 is divided by 13066957?
5
Calculate the remainder when 50545209 is divided by 4.
1
What is the remainder when 3442947 is divided by 76?
71
What is the remainder when 128827 is divided by 6400?
827
Calculate the remainder when 35146290 is divided by 1028.
1026
What is the remainder when 4857338 is divided by 22697?
180
Calculate the remainder when 105134 is divided by 5836.
86
What is the remainder when 30409 is divided by 2692?
797
Calculate the remainder when 303342884 is divided by 223.
221
Calculate the remainder when 954083 is divided by 83.
81
Calculate the remainder when 282834305 is divided by 7.
5
What is the remainder when 3174269 is divided by 261?
248
What is the remainder when 15256755 is divided by 7617?
7521
What is the remainder when 14010498 is divided by 53070?
18
What is the remainder when 42304316 is divided by 1199?
1198
What is the remainder when 19565686 is divided by 6521882?
40
Calculate the remainder when 769354 is divided by 769336.
18
Calculate the remainder when 2228964 is divided by 1945.
1939
Calculate the remainder when 326413 is divided by 36253.
136
What is the remainder when 57043 is divided by 56848?
195
Calculate the remainder when 60900 is divided by 7535.
620
What is the remainder when 102499 is divided by 34148?
55
Calculate the remainder when 5501825 is divided by 10003